of m?
6
Suppose v - r = 3 + 14, -5*v - 2*r + 99 = 0. What is the tens digit of v?
1
Let u(t) = -4 + t + 2*t - 1 + t**2. What is the units digit of u(-5)?
5
Let j(r) = -7*r - r**2 - 15 + 0*r**2 - 10*r + 0*r**2. What is the tens digit of j(-13)?
3
Suppose 4*f - 151 + 411 = 5*g, -2*g - 3*f = -127. What is the units digit of g?
6
Let b(v) be the first derivative of 11*v**3/3 + v**2 + 3*v - 3. Let j be b(-2). Let o = j - 31. What is the tens digit of o?
1
Let s be (-7)/(-21) - (-23)/3. What is the units digit of s/(-2 - 8/(-2))?
4
Let p = -24 + 14. What is the units digit of (p + 2)/((-3)/3)?
8
Let f = -12 - -20. What is the units digit of f?
8
Suppose 5 = -5*s - 5, 4*k - 294 = -5*s. What is the units digit of k?
6
Let n(p) = -p**3 + 3*p**2 + 6*p - 3. Let i = 13 - 1. Suppose -3*z + 6*z = i. What is the units digit of n(z)?
5
Suppose 3*u - 107 = 112. What is the units digit of u?
3
Let i(b) = -9*b - 3*b**2 - 2*b**2 - 2 + 6*b**2. Let x be i(10). Let q = x + -1. What is the units digit of q?
7
Suppose -3*v + k = -73, -v + 4*k - 30 = -3*v. Suppose -16 = -3*j + 3*u - u, 3*u = 4*j - v. What is the units digit of j?
2
Let h = -2 - -4. Let y(u) = -u**3 + 5*u**2 - 11. Let c be y(4). Suppose -h*i = -a - a - 20, -4*i + c*a = -36. What is the units digit of i?
4
Let m = 6 - 6. Suppose m = -4*j + 5*c + 111, 5*j - 5*c = 59 + 81. What is the tens digit of j?
2
Let u(m) = -m**3 - 8*m**2 - 7. Suppose -4*x + 11 = 43. Let n be u(x). Let a = n - -13. What is the units digit of a?
6
Let y = -9 - -10. Let u(i) = -i**2 + i. Let z be u(3). What is the units digit of (z/y)/(-1) + 0?
6
Let z(o) = -o**3 - 7*o**2 + 8*o + 2. Let h be z(-8). Suppose -2*d = 4*s - 3*s - 11, 0 = 2*d + 4*s - h. Let r = -5 + d. What is the units digit of r?
2
Let n(l) = -l**2 + 12*l + 8. Let z be n(11). Suppose 0*c - z = -c. What is the tens digit of c?
1
Suppose -126 = -o - o + 2*z, z + 323 = 5*o. What is the tens digit of o?
6
Suppose -10*j - 12 = -8*j. Let q(d) = -3*d - 5. Let p be q(-5). Let k = j + p. What is the units digit of k?
4
Let t be (-26 - -2)*1/(-2). Suppose 2*k + 3*k = -p - 10, t = 2*p + 2*k. What is the units digit of p?
0
Let q = 5 + -8. What is the units digit of -3*(-1 - (-13)/q)?
6
Suppose 2*x + 15 = 65. What is the units digit of x?
5
Suppose -6 = 2*l - 3*l. What is the units digit of l/(-39) - 552/(-39)?
4
Let u(w) = -w**3 + 3*w**2 - w + 2. Let r be u(3). Let q be (-15)/(-9) - r/3. What is the units digit of -1*(1 + 0 - q)?
1
Suppose 3 = -x + 88. What is the tens digit of x?
8
Let g(b) = 23*b + 3. Let f be g(-3). Let x be (-1 - 2)*f/18. Suppose 0 = 2*a - a - x. What is the tens digit of a?
1
Let c be 1/((-2)/(6 + 2)). Let v(j) = -j**2 - 4*j + 4. Let f be v(c). Suppose f*s = 26 + 42. What is the tens digit of s?
1
What is the tens digit of (-1)/((-79)/(-20) - (-1 - -5))?
2
Let v(c) = c**2 + 2*c + 11. What is the units digit of v(-5)?
6
Let v be 36/8*(-2)/1. Let m(p) = p**3 + 10*p**2 + 5*p - 9. What is the units digit of m(v)?
7
Let u(y) = y - 11. Let t be u(9). Let o(z) = -z**3 + z**2 - 2*z. What is the units digit of o(t)?
6
What is the hundreds digit of ((-25)/100)/(1/(-876))?
2
Let v = 9 + -6. Suppose -5 - 10 = -v*s. Let t(j) = 2*j - 6. What is the units digit of t(s)?
4
Let o(j) = j**3 - 8*j**2 + 7*j + 4. Let c be o(7). Let u = 0 + c. Suppose 0 = -5*s - 3*g + 8 + 17, 0 = u*s + 4*g - 28. What is the units digit of s?
2
Let f = 30 + -9. Let v(h) = h + 2. Let g be v(-2). Suppose g*p - f = -p. What is the tens digit of p?
2
Let d(a) = 4*a**2 - a - 9. What is the tens digit of d(4)?
5
Let g = 1 + 0. Let q(f) = 54*f**2 + f - 1. Let o be q(g). What is the units digit of o/8 + (-2)/(-8)?
7
Let j(m) = 2*m**2 - 3*m - 1. Let z be j(3). What is the units digit of ((-10)/z)/((-1)/4)?
5
Let u be (-3)/12 + 45/20. Suppose j + 5*t = 43, j + 3*t - 3 = 6*t. Suppose -4*z + j = u. What is the units digit of z?
4
Suppose -12 = d - 4*d. Let g(y) = -y**2 - 4*y + 5. Let t be g(-4). Let x = t - d. What is the units digit of x?
1
Let g be 2/((-6)/9) + 8. Suppose -q + 5*y = 4*q + g, -2*q = 2*y + 2. Let c = 6 + q. What is the units digit of c?
5
Let a = 0 - 0. Suppose a = -j - 2*j. Suppose -c - c + 18 = j. What is the units digit of c?
9
Suppose -p - 3*c + 62 = 0, c - 2*c = -3*p + 166. What is the units digit of p?
6
Let q = 159 - 89. Suppose -3*u + x + 16 + q = 0, x - 82 = -3*u. What is the units digit of u?
8
Suppose -v + 67 + 721 = 4*c, 3*c = -3*v + 582. What is the hundreds digit of c?
1
Let c be 23 - (-2 - -1 - 1). Suppose -5*p - c - 55 = 0. Let z = p + 23. What is the units digit of z?
7
Let a(z) = 8*z - 72. What is the hundreds digit of a(31)?
1
Let o be (-4 - 6/(-2))*-26. Suppose 0 = -x + 4*m - 13, 4*m + m - o = -2*x. What is the units digit of x?
3
Suppose 0 + 20 = 5*m. Let z be 1*(-2 - 2*m). What is the units digit of (6/5)/((-4)/z)?
3
Suppose 3*v + v + 260 = 4*d, -d = 2*v - 80. What is the units digit of d?
0
Suppose i + 4*l - 38 = 0, l - 111 = -2*i - 0*l. What is the tens digit of i?
5
Let s(k) = 11 - 2*k - 9 + 13. What is the tens digit of s(-7)?
2
Let d(q) = -q**3 - 3*q**2 - 2*q - 2. Let m be d(-3). Let b be (2 - 1)*(0 + 3). Suppose -b*o + m + 20 = 0. What is the units digit of o?
8
Let c = -6 - -26. Suppose 0 = -3*h - 58 + 22. Let p = c + h. What is the units digit of p?
8
Let o be 5 - 2 - (5 - 1). Let y(x) be the third derivative of -x**4/24 - x**2. What is the units digit of y(o)?
1
Let r(u) = 9*u**2 - u - 3. What is the units digit of r(2)?
1
Suppose 0 = z - 28 - 3. Suppose -3*l + 26 = -z. What is the tens digit of l?
1
Let x = -8 - -13. What is the units digit of (92/20)/(1/x)?
3
What is the tens digit of (25/4)/(13/156)?
7
Let k be 6/(-33) - 134/(-11). What is the units digit of (15/k + 1)*8?
8
Suppose -4*x + 8*x = 12. Suppose -x*n + 5 = 2*n. What is the units digit of n?
1
Let g be (-15)/6*8/(-10). What is the units digit of (g/(-5))/(2/(-20))?
4
Suppose 20*l - 19*l - 106 = 0. What is the units digit of l?
6
Let k = 113 - 65. Suppose -c - k = -4*c - y, 4*c - 51 = 3*y. What is the tens digit of c?
1
Suppose -6*q = -4*q - 118. What is the tens digit of q?
5
Let g(n) = -n**2 - 3*n + 38. What is the units digit of g(0)?
8
Let o = 25 + -22. Suppose 0 = -o*f - f + 4. What is the units digit of f?
1
Suppose -4*g = -2*g - 24. Suppose -g = -s + 2*k, 3*k - 5*k = 5*s - 36. What is the units digit of s?
8
Let r(w) = w**2 + 1. Let j be r(1). Suppose 0*o - 5*o + j*v - 26 = 0, -3*o = -4*v + 24. Let b = 5 + o. What is the units digit of b?
1
Suppose -5 = -3*z + r, 2*z - 2*r = -r + 3. Let k(h) = h**3 - 4*h - h**2 - 2*h**2 + h + 4*h**z + 1. What is the units digit of k(2)?
7
Let n(z) = z**3 + 3*z**2 + z. What is the units digit of n(-2)?
2
Let i(p) = p + 8. Let x be i(-6). Let f(c) = 2*c + 2*c**3 - 4*c**2 + 0*c**2 + 0*c**3. What is the units digit of f(x)?
4
Let i(w) = -w - 1. What is the units digit of i(-2)?
1
Let p(w) = w - 1. Let i = -1 + 2. Let m(b) = -b**2 - 4*b - 8. Let d(f) = i*m(f) - 3*p(f). What is the units digit of d(-6)?
1
Let t = -7 - -10. Let v(m) = 5*m**2 - 2*m - 2 - t*m**3 + 3*m + 2*m**3. What is the units digit of v(5)?
3
Let w = 13 - -48. What is the tens digit of w?
6
Let v(t) = t**2 - 4*t + 6. Let q(h) = -2*h - 8. Let f be q(-6). What is the units digit of v(f)?
6
Let z(h) = 2*h**3 + 2*h**2 - 5. Let a be z(4). Suppose 2*s + a = 7*s. What is the tens digit of s?
3
Let c be 10 - (2 + 0 + 0). Let d be 8/(-24) + (-1)/(-3). Let q = c + d. What is the units digit of q?
8
Let g = -121 - -174. Let j = g - 28. What is the units digit of j?
5
Suppose h + 4*b - 5 = -0*h, 0 = 4*h - 5*b + 1. Let u be (-1 + 16)*h/3. Let g(i) = i. What is the units digit of g(u)?
5
Let i(z) = 35*z**2 - z + 1. Let n be i(1). Suppose -m + 12 = -4*l, 2*m - n = -l - 11. What is the units digit of m?
2
Let r(b) = b + 12. Suppose -2*u - u = 30. What is the units digit of r(u)?
2
Let d(c) = c**3 - 7*c**2 + 2*c - 4. What is the units digit of d(7)?
0
Suppose 3*j - 5*f = 7*j - 32, -2*f = 0. Let v be (-46)/(-8) - (-2)/j. Let c(y) = y**2 - 4*y - 3. What is the units digit of c(v)?
9
Let v(x) = -2*x**2 + 1. Let f be v(2). Let o(r) = -3*r + 4*r - r**2 + 9 - 8*r. What is the units digit of o(f)?
9
Let j = -29 - -32. What is the units digit of j?
3
Let s(y) = -2*y**2 + y. Let p(r) = -r + 1. Let a be p(0). Let o be s(a).